{"id":64,"date":"2020-11-17T11:15:17","date_gmt":"2020-11-17T04:15:17","guid":{"rendered":"http:\/\/phongkham.lamgia.asia\/?page_id=64"},"modified":"2025-12-09T15:38:34","modified_gmt":"2025-12-09T08:38:34","slug":"dat-lich-kham","status":"publish","type":"page","link":"https:\/\/nhikhoathanhhong.com\/wnkth\/?page_id=64","title":{"rendered":"\u0110\u1eb7t l\u1ecbch kh\u00e1m"},"content":{"rendered":"\n<p><a href=\"http:\/\/www.facebook.com\/pknkth\">Phong kh\u00e1m nhi khoa Thanh H\u1ed3ng<\/a> r\u1ea5t h\u00e2n h\u1ea1nh \u0111\u00f3n ti\u1ebfp qu\u00fd kh\u00e1ch h\u00e0ng t\u1edbi th\u0103m kh\u00e1m v\u00e0 \u0111i\u1ec1u tr\u1ecb. Hi\u1ec7n t\u1ea1i ph\u00f2ng kh\u00e1m ch\u1ec9 h\u1ed7 tr\u1ee3 \u0111\u1eb7t l\u1ecbch kh\u00e1m qua c\u00e1c h\u00ecnh th\u1ee9c sau:<\/p>\n<h2>Qu\u00fd kh\u00e1ch c\u00f3 th\u1ec3 \u0111\u1eb7t l\u1ecbch kh\u00e1m tr\u1ef1c ti\u1ebfp qua \u0111i\u1ec7n tho\u1ea1i v\u1edbi s\u1ed1 hotline\/zalo: <span style=\"font-size: 115%;\"><strong><span style=\"color: #ed1c24;\">0909.663.760<\/span><\/strong><\/span><\/h2>\n<h1><span style=\"font-size: 115%;\"><span style=\"color: #282828; font-size: 90%;\"> <img loading=\"lazy\" class=\"size-full wp-image-674 aligncenter\" src=\"https:\/\/nhikhoathanhhong.com\/wnkth\/wp-content\/uploads\/2020\/11\/p2.gif\" alt=\"\u0110\u1eb7t l\u1ecbch kh\u00e1m\" width=\"250\" height=\"250\"><\/span><\/span><\/h1>\n<p><span style=\"font-size: 115%;\"><span style=\"color: #282828; font-size: 90%;\">\u0110\u1eb7t l\u1ecbch kh\u00e1m online tr\u00ean <a href=\"https:\/\/nhikhoathanhhong.com\/wnkth\/?page_id=64\">website<\/a> ch\u01b0a \u00e1p d\u1ee5ng.<\/span><\/span><\/p>\n\n<div class=\"wpcf7 no-js\" id=\"wpcf7-f560-o1\" lang=\"vi\" dir=\"ltr\">\n<div class=\"screen-reader-response\"><p role=\"status\" aria-live=\"polite\" aria-atomic=\"true\"><\/p> <ul><\/ul><\/div>\n<form action=\"\/wnkth\/index.php?rest_route=%2Fwp%2Fv2%2Fpages%2F64#wpcf7-f560-o1\" method=\"post\" class=\"wpcf7-form init\" aria-label=\"Form li\u00ean h\u1ec7\" novalidate=\"novalidate\" data-status=\"init\">\n<div style=\"display: none;\">\n<input type=\"hidden\" name=\"_wpcf7\" value=\"560\" \/>\n<input type=\"hidden\" name=\"_wpcf7_version\" value=\"5.7.5.1\" \/>\n<input type=\"hidden\" name=\"_wpcf7_locale\" value=\"vi\" \/>\n<input type=\"hidden\" name=\"_wpcf7_unit_tag\" value=\"wpcf7-f560-o1\" \/>\n<input type=\"hidden\" name=\"_wpcf7_container_post\" value=\"0\" \/>\n<input type=\"hidden\" name=\"_wpcf7_posted_data_hash\" value=\"\" \/>\n<\/div>\n<div class=\"dat-lich-kham2\">\n\t<h3>Gi\u1edd l\u00e0m vi\u1ec7c: 17h-20h t\u1eeb Th\u1ee9 2 \u0111\u1ebfn Th\u1ee9 7. Ch\u1ee7 nh\u1eadt 16h-18h.\n\t<\/h3>\n\t<h3>(H\u00ecnh th\u1ee9c qua web n\u00e0y ch\u01b0a \u00e1p d\u1ee5ng, vui l\u00f2ng \u0111\u1eb7t qua Zalo: 0909.663.760) \u0110\u1eb7t l\u1ecbch tr\u01b0\u1edbc \u0111\u1ec3 ch\u00fang t\u00f4i ph\u1ee5c v\u1ee5 b\u1ea1n t\u1ed1t h\u01a1n\n\t<\/h3>\n\t<p class=\"des\">Vui l\u00f2ng nh\u1eadp \u0111\u1ee7 th\u00f4ng tin, nh\u00e2n vi\u00ean c\u1ee7a ch\u00fang t\u00f4i s\u1ebd \u0111i\u1ec7n l\u1ea1i t\u01b0 v\u1ea5n sau \u00edt ph\u00fat\n\t<\/p>\n\t<div class=\"row-info\">\n\t\t<div class=\"cot1 cot\">\n\t\t\t<p><label>Th\u1eddi gian b\u1ea1n \u0111\u1ebfn<\/label><br \/>\n<span class=\"wpcf7-form-control-wrap\" data-name=\"date-578\"><input class=\"wpcf7-form-control wpcf7-date wpcf7-validates-as-required wpcf7-validates-as-date\" aria-required=\"true\" aria-invalid=\"false\" value=\"\" type=\"date\" name=\"date-578\" \/><\/span><br \/>\n<label>\u0110\u1ed1i t\u01b0\u1ee3ng th\u0103m kh\u00e1m<\/label><br \/>\n<span class=\"wpcf7-form-control-wrap\" data-name=\"text-538\"><input size=\"40\" class=\"wpcf7-form-control wpcf7-text wpcf7-validates-as-required\" aria-required=\"true\" aria-invalid=\"false\" placeholder=\"Nh\u1eadp t\u00ean ng\u01b0\u1eddi kh\u00e1m...\" value=\"\" type=\"text\" name=\"text-538\" \/><\/span><br \/>\n<label>S\u1ed1 \u0111i\u1ec7n tho\u1ea1i li\u00ean h\u1ec7<\/label><br \/>\n<span class=\"wpcf7-form-control-wrap\" data-name=\"tel-908\"><input size=\"40\" class=\"wpcf7-form-control wpcf7-text wpcf7-tel wpcf7-validates-as-required wpcf7-validates-as-tel\" aria-required=\"true\" aria-invalid=\"false\" placeholder=\"S\u1ed1 \u0111i\u1ec7n tho\u1ea1i ...\" value=\"\" type=\"tel\" name=\"tel-908\" \/><\/span><br \/>\n<label>Y\u00eau c\u1ea7u th\u00eam<\/label><br \/>\n<span class=\"wpcf7-form-control-wrap\" data-name=\"text-5399\"><input size=\"40\" class=\"wpcf7-form-control wpcf7-text\" aria-invalid=\"false\" placeholder=\"Nh\u1eadp th\u00eam y\u00eau c\u1ea7u c\u1ee5 th\u1ec3...\" value=\"\" type=\"text\" name=\"text-5399\" \/><\/span>\n\t\t\t<\/p>\n\t\t<\/div>\n\t\t<div class=\"cot2 cot\">\n\t\t\t<p><label>T\u00ecnh tr\u1ea1ng b\u1ec7nh<\/label><br \/>\n<span class=\"wpcf7-form-control-wrap\" data-name=\"text-532\"><input size=\"40\" class=\"wpcf7-form-control wpcf7-text\" aria-invalid=\"false\" placeholder=\"Nh\u1eadp t\u00ecnh tr\u1ea1ng b\u1ec7nh nh\u00e2n...\" value=\"\" type=\"text\" name=\"text-532\" \/><\/span><br \/>\n<label>Chuy\u00ean khoa<\/label><br \/>\n<span class=\"wpcf7-form-control-wrap\" data-name=\"menu-95\"><select class=\"wpcf7-form-control wpcf7-select wpcf7-validates-as-required\" aria-required=\"true\" aria-invalid=\"false\" name=\"menu-95\"><option value=\"Nhi khoa\">Nhi khoa<\/option><option value=\"S\u1ea3n ph\u1ee5 khoa\">S\u1ea3n ph\u1ee5 khoa<\/option><\/select><\/span><br \/>\n<input class=\"wpcf7-form-control has-spinner wpcf7-submit\" type=\"submit\" value=\"\u0110\u0103ng k\u00fd l\u1ecbch kh\u00e1m\" \/>\n\t\t\t<\/p>\n\t\t\t<p class=\"des\">* M\u1ecdi th\u00f4ng tin c\u1ee7a kh\u00e1ch h\u00e0ng s\u1ebd \u0111\u01b0\u1ee3c b\u1ea3o m\u1eadt. Hotline: 0909.663.760\n\t\t\t<\/p>\n\t\t<\/div>\n\t<\/div>\n<\/div><div class=\"wpcf7-response-output\" aria-hidden=\"true\"><\/div>\n<\/form>\n<\/div>\n\n","protected":false},"excerpt":{"rendered":"","protected":false},"author":1,"featured_media":0,"parent":0,"menu_order":0,"comment_status":"closed","ping_status":"closed","template":"","meta":[],"yoast_head":"<!-- This site is optimized with the Yoast SEO plugin v20.4 - https:\/\/yoast.com\/wordpress\/plugins\/seo\/ -->\n<title>\u0110\u1eb7t l\u1ecbch kh\u00e1m - Nhi khoa Thanh H\u1ed3ng<\/title>\n<meta name=\"description\" content=\"\u0110\u1eb7t l\u1ecbch kh\u00e1m t\u1ea1i Ph\u00f2ng kh\u00e1m nhi khoa Thanh H\u1ed3ng vui l\u00f2ng li\u00ean l\u1ea1c qua Hotline\/Zalo\/Viber: 0909.663.760. Ch\u00fang t\u00f4i s\u1ebd \u01b0u ti\u00ean cho b\u1ea1n.\" \/>\n<meta name=\"robots\" content=\"index, follow, max-snippet:-1, max-image-preview:large, max-video-preview:-1\" \/>\n<link rel=\"canonical\" href=\"https:\/\/nhikhoathanhhong.com\/wnkth\/?page_id=64\" \/>\n<meta property=\"og:locale\" content=\"vi_VN\" \/>\n<meta property=\"og:type\" content=\"article\" \/>\n<meta property=\"og:title\" content=\"\u0110\u1eb7t l\u1ecbch kh\u00e1m - Nhi khoa Thanh H\u1ed3ng\" \/>\n<meta property=\"og:description\" content=\"\u0110\u1eb7t l\u1ecbch kh\u00e1m t\u1ea1i Ph\u00f2ng kh\u00e1m nhi khoa Thanh H\u1ed3ng vui l\u00f2ng li\u00ean l\u1ea1c qua Hotline\/Zalo\/Viber: 0909.663.760. Ch\u00fang t\u00f4i s\u1ebd \u01b0u ti\u00ean cho b\u1ea1n.\" \/>\n<meta property=\"og:url\" content=\"https:\/\/nhikhoathanhhong.com\/wnkth\/?page_id=64\" \/>\n<meta property=\"og:site_name\" content=\"Nhi khoa Thanh H\u1ed3ng\" \/>\n<meta property=\"article:modified_time\" content=\"2025-12-09T08:38:34+00:00\" \/>\n<meta property=\"og:image\" content=\"https:\/\/nhikhoathanhhong.com\/wnkth\/wp-content\/uploads\/2020\/11\/p2.gif\" \/>\n<meta name=\"twitter:card\" content=\"summary_large_image\" \/>\n<script type=\"application\/ld+json\" class=\"yoast-schema-graph\">{\"@context\":\"https:\/\/schema.org\",\"@graph\":[{\"@type\":\"WebPage\",\"@id\":\"https:\/\/nhikhoathanhhong.com\/wnkth\/?page_id=64\",\"url\":\"https:\/\/nhikhoathanhhong.com\/wnkth\/?page_id=64\",\"name\":\"\u0110\u1eb7t l\u1ecbch kh\u00e1m - Nhi khoa Thanh H\u1ed3ng\",\"isPartOf\":{\"@id\":\"http:\/\/nhikhoathanhhong.com\/wnkth\/#website\"},\"datePublished\":\"2020-11-17T04:15:17+00:00\",\"dateModified\":\"2025-12-09T08:38:34+00:00\",\"description\":\"\u0110\u1eb7t l\u1ecbch kh\u00e1m t\u1ea1i Ph\u00f2ng kh\u00e1m nhi khoa Thanh H\u1ed3ng vui l\u00f2ng li\u00ean l\u1ea1c qua Hotline\/Zalo\/Viber: 0909.663.760. Ch\u00fang t\u00f4i s\u1ebd \u01b0u ti\u00ean cho b\u1ea1n.\",\"breadcrumb\":{\"@id\":\"https:\/\/nhikhoathanhhong.com\/wnkth\/?page_id=64#breadcrumb\"},\"inLanguage\":\"vi\",\"potentialAction\":[{\"@type\":\"ReadAction\",\"target\":[\"https:\/\/nhikhoathanhhong.com\/wnkth\/?page_id=64\"]}]},{\"@type\":\"BreadcrumbList\",\"@id\":\"https:\/\/nhikhoathanhhong.com\/wnkth\/?page_id=64#breadcrumb\",\"itemListElement\":[{\"@type\":\"ListItem\",\"position\":1,\"name\":\"Trang ch\u1ee7\",\"item\":\"https:\/\/nhikhoathanhhong.com\/wnkth\/\"},{\"@type\":\"ListItem\",\"position\":2,\"name\":\"\u0110\u1eb7t l\u1ecbch kh\u00e1m\"}]},{\"@type\":\"WebSite\",\"@id\":\"http:\/\/nhikhoathanhhong.com\/wnkth\/#website\",\"url\":\"http:\/\/nhikhoathanhhong.com\/wnkth\/\",\"name\":\"Nhi khoa Thanh H\u1ed3ng\",\"description\":\"T\u1eadn t\u00ecnh - T\u1eadn t\u1ee5y - T\u1eadn t\u00e2m\",\"potentialAction\":[{\"@type\":\"SearchAction\",\"target\":{\"@type\":\"EntryPoint\",\"urlTemplate\":\"http:\/\/nhikhoathanhhong.com\/wnkth\/?s={search_term_string}\"},\"query-input\":\"required name=search_term_string\"}],\"inLanguage\":\"vi\"}]}<\/script>\n<!-- \/ Yoast SEO plugin. -->","yoast_head_json":{"title":"\u0110\u1eb7t l\u1ecbch kh\u00e1m - Nhi khoa Thanh H\u1ed3ng","description":"\u0110\u1eb7t l\u1ecbch kh\u00e1m t\u1ea1i Ph\u00f2ng kh\u00e1m nhi khoa Thanh H\u1ed3ng vui l\u00f2ng li\u00ean l\u1ea1c qua Hotline\/Zalo\/Viber: 0909.663.760. Ch\u00fang t\u00f4i s\u1ebd \u01b0u ti\u00ean cho b\u1ea1n.","robots":{"index":"index","follow":"follow","max-snippet":"max-snippet:-1","max-image-preview":"max-image-preview:large","max-video-preview":"max-video-preview:-1"},"canonical":"https:\/\/nhikhoathanhhong.com\/wnkth\/?page_id=64","og_locale":"vi_VN","og_type":"article","og_title":"\u0110\u1eb7t l\u1ecbch kh\u00e1m - Nhi khoa Thanh H\u1ed3ng","og_description":"\u0110\u1eb7t l\u1ecbch kh\u00e1m t\u1ea1i Ph\u00f2ng kh\u00e1m nhi khoa Thanh H\u1ed3ng vui l\u00f2ng li\u00ean l\u1ea1c qua Hotline\/Zalo\/Viber: 0909.663.760. Ch\u00fang t\u00f4i s\u1ebd \u01b0u ti\u00ean cho b\u1ea1n.","og_url":"https:\/\/nhikhoathanhhong.com\/wnkth\/?page_id=64","og_site_name":"Nhi khoa Thanh H\u1ed3ng","article_modified_time":"2025-12-09T08:38:34+00:00","og_image":[{"url":"https:\/\/nhikhoathanhhong.com\/wnkth\/wp-content\/uploads\/2020\/11\/p2.gif"}],"twitter_card":"summary_large_image","schema":{"@context":"https:\/\/schema.org","@graph":[{"@type":"WebPage","@id":"https:\/\/nhikhoathanhhong.com\/wnkth\/?page_id=64","url":"https:\/\/nhikhoathanhhong.com\/wnkth\/?page_id=64","name":"\u0110\u1eb7t l\u1ecbch kh\u00e1m - Nhi khoa Thanh H\u1ed3ng","isPartOf":{"@id":"http:\/\/nhikhoathanhhong.com\/wnkth\/#website"},"datePublished":"2020-11-17T04:15:17+00:00","dateModified":"2025-12-09T08:38:34+00:00","description":"\u0110\u1eb7t l\u1ecbch kh\u00e1m t\u1ea1i Ph\u00f2ng kh\u00e1m nhi khoa Thanh H\u1ed3ng vui l\u00f2ng li\u00ean l\u1ea1c qua Hotline\/Zalo\/Viber: 0909.663.760. Ch\u00fang t\u00f4i s\u1ebd \u01b0u ti\u00ean cho b\u1ea1n.","breadcrumb":{"@id":"https:\/\/nhikhoathanhhong.com\/wnkth\/?page_id=64#breadcrumb"},"inLanguage":"vi","potentialAction":[{"@type":"ReadAction","target":["https:\/\/nhikhoathanhhong.com\/wnkth\/?page_id=64"]}]},{"@type":"BreadcrumbList","@id":"https:\/\/nhikhoathanhhong.com\/wnkth\/?page_id=64#breadcrumb","itemListElement":[{"@type":"ListItem","position":1,"name":"Trang ch\u1ee7","item":"https:\/\/nhikhoathanhhong.com\/wnkth\/"},{"@type":"ListItem","position":2,"name":"\u0110\u1eb7t l\u1ecbch kh\u00e1m"}]},{"@type":"WebSite","@id":"http:\/\/nhikhoathanhhong.com\/wnkth\/#website","url":"http:\/\/nhikhoathanhhong.com\/wnkth\/","name":"Nhi khoa Thanh H\u1ed3ng","description":"T\u1eadn t\u00ecnh - T\u1eadn t\u1ee5y - T\u1eadn t\u00e2m","potentialAction":[{"@type":"SearchAction","target":{"@type":"EntryPoint","urlTemplate":"http:\/\/nhikhoathanhhong.com\/wnkth\/?s={search_term_string}"},"query-input":"required name=search_term_string"}],"inLanguage":"vi"}]}},"_links":{"self":[{"href":"https:\/\/nhikhoathanhhong.com\/wnkth\/index.php?rest_route=\/wp\/v2\/pages\/64"}],"collection":[{"href":"https:\/\/nhikhoathanhhong.com\/wnkth\/index.php?rest_route=\/wp\/v2\/pages"}],"about":[{"href":"https:\/\/nhikhoathanhhong.com\/wnkth\/index.php?rest_route=\/wp\/v2\/types\/page"}],"author":[{"embeddable":true,"href":"https:\/\/nhikhoathanhhong.com\/wnkth\/index.php?rest_route=\/wp\/v2\/users\/1"}],"replies":[{"embeddable":true,"href":"https:\/\/nhikhoathanhhong.com\/wnkth\/index.php?rest_route=%2Fwp%2Fv2%2Fcomments&post=64"}],"version-history":[{"count":9,"href":"https:\/\/nhikhoathanhhong.com\/wnkth\/index.php?rest_route=\/wp\/v2\/pages\/64\/revisions"}],"predecessor-version":[{"id":1179,"href":"https:\/\/nhikhoathanhhong.com\/wnkth\/index.php?rest_route=\/wp\/v2\/pages\/64\/revisions\/1179"}],"wp:attachment":[{"href":"https:\/\/nhikhoathanhhong.com\/wnkth\/index.php?rest_route=%2Fwp%2Fv2%2Fmedia&parent=64"}],"curies":[{"name":"wp","href":"https:\/\/api.w.org\/{rel}","templated":true}]}}